9 (base 13) to base 2.
-1010111
1200 (base 13) to base 8
4747
Convert -140 (base 7) to base 3.
-2212
Convert -21e3 (base 15) to base 3.
-100212020
Convert -2751 (base 11) to base 8.
-6755
Convert -200311 (base 4) to base 14.
-aa1
What is -30332 (base 4) in base 5?
-11310
-30224 (base 8) to base 14
-4764
What is -44 (base 11) in base 5?
-143
What is -1210002 (base 3) in base 15?
-5b8
-13123 (base 6) to base 12
-11a3
31014 (base 6) to base 9
5571
Convert -301202 (base 6) to base 16.
-5c42
12402 (base 7) to base 2
110011010101
Convert -971 (base 10) to base 16.
-3cb
What is 3ee (base 16) in base 7?
2635
Convert -1322a (base 12) to base 10.
-26242
What is -13e7e (base 15) in base 8?
-175023
204444 (base 6) to base 12
9724
-11002200 (base 3) to base 5
-43423
-7530 (base 8) to base 5
-111203
Convert -515 (base 6) to base 12.
-13b
What is -38b (base 14) in base 3?
-222100
What is 2042 (base 6) in base 15?
208
Convert -aab4 (base 15) to base 8.
-106511
What is 10523 (base 16) in base 11?
46254
-2304 (base 6) to base 8
-1040
What is 19068 (base 12) in base 2?
1000111000010000
-100000011000 (base 2) to base 11
-1614
Convert -eb5 (base 15) to base 14.
-12d2
Convert 6465 (base 7) to base 9.
3136
Convert -21454 (base 7) to base 8.
-12404
What is 20a3 (base 13) in base 12?
2753
What is -2121002 (base 3) in base 16?
-764
What is 100001101 (base 2) in base 11?
225
What is -250 (base 10) in base 16?
-fa
1433 (base 6) to base 5
3011
-127 (base 11) to base 15
-a0
-4c69 (base 14) to base 10
-13421
What is 424 (base 13) in base 15?
321
What is -392 (base 14) in base 16?
-2cc
What is 235 (base 16) in base 11?
474
-52242 (base 7) to base 3
-122120210
Convert -321101 (base 6) to base 2.
-110011000111101
Convert -76212 (base 9) to base 6.
-1025402
What is 3606 (base 7) in base 3?
1211020
Convert -120311 (base 4) to base 12.
-b05
What is 6e8e (base 16) in base 10?
28302
Convert 1cb8b (base 13) to base 2.
1101111001000011
-24000 (base 9) to base 11
-11060
1010010100110001 (base 2) to base 11
29855
Convert -1f7 (base 16) to base 15.
-238
Convert -8442 (base 16) to base 13.
-12546
Convert -5361 (base 15) to base 6.
-213401
211101020 (base 3) to base 4
3332322
-41544 (base 8) to base 7
-101204
What is 266220 (base 7) in base 16?
c40e
-11053 (base 6) to base 8
-3011
Convert -1130 (base 12) to base 10.
-1908
What is 1310330 (base 4) in base 7?
30551
1021121 (base 4) to base 5
122242
Convert 290 (base 12) to base 7.
1104
Convert -100100100 (base 2) to base 5.
-2132
Convert 4024 (base 5) to base 7.
1333
-38 (base 10) to base 4
-212
What is -66003 (base 7) in base 4?
-10001103
What is 1001011110110 (base 2) in base 3?
20122210
Convert 9003 (base 10) to base 2.
10001100101011
What is 13102 (base 4) in base 12?
32a
Convert 1d7a (base 15) to base 8.
14417
What is -5c9 (base 14) in base 11?
-962
Convert -365 (base 12) to base 15.
-23e
Convert 10051 (base 6) to base 10.
1327
9c (base 16) to base 13
c0
What is 44c (base 13) in base 12?
518
What is -3300021 (base 4) in base 5?
-442434
What is 15269 (base 11) in base 8?
52155
What is -201110 (base 3) in base 2?
-1000001101
-8366 (base 14) to base 10
-22630
ace (base 15) to base 9
3315
Convert -3668 (base 10) to base 3.
-12000212
7013 (base 8) to base 15
10ea
Convert -165 (base 14) to base 13.
-18c
What is 13450 (base 7) in base 5?
104121
What is -14223 (base 8) in base 5?
-200131
Convert -388 (base 11) to base 15.
-209
Convert 5144 (base 6) to base 7.
3223
Convert -717 (base 9) to base 13.
-35b
-42241 (base 6) to base 5
-140323
Convert -210020 (base 3) to base 2.
-1000111101
What is -10000011110110 (base 2) in base 3?
-102120112
-20001 (base 4) to base 11
-427
-6036 (base 8) to base 11
-2370
243a (base 11) to base 3
11101010
1100111000111 (base 2) to base 9
10042
Convert -32a (base 11) to base 14.
-203
1a9d (base 14) to base 8
11353
Convert 494 (base 12) to base 7.
2002
Convert 343 (base 9) to base 15.
13c
What is -1a11 (base 15) in base 5?
-140031
What is -121121 (base 3) in base 10?
-448
-121202 (base 3) to base 5
-3302
Convert 18b4 (base 14) to base 8.
10566
-ee (base 15) to base 10
-224
Convert 6564 (base 10) to base 8.
14644
Convert 245 (base 6) to base 16.
65
What is -49026 (base 11) in base 4?
-101032223
What is 1000222 (base 3) in base 4?
23303
What is -6138 (base 12) in base 16?
-293c
657 (base 8) to base 14
22b
What is 11243 (base 6) in base 3?
2012200
What is -682 (base 9) in base 16?
-230
566 (base 14) to base 5
13240
What is -16424 (base 7) in base 14?
-19bb
Convert 11102121 (base 3) to base 13.
1615
What is -1222121 (base 5) in base 3?
-1012010002
What is 1231 (base 9) in base 14?
499
113101 (base 4) to base 7
4225
-5251a (base 11) to base 9
-125832
What is 739 (base 10) in base 11?
612
Convert 496c (base 14) to base 13.
5ac5
-15260 (base 8) to base 15
-2057
-190 (base 15) to base 14
-1ba
Convert 1011101011 (base 2) to base 16.
2eb
-1100222222 (base 3) to base 11
-192a0
What is -4172 (base 10) in base 7?
-15110
What is -185 (base 15) in base 6?
-1342
-235000 (base 7) to base 14
-11700
-25a (base 14) to base 4
-13120
Convert 2735 (base 8) to base 5.
22001
Convert 7252 (base 13) to base 14.
5a76
24312 (base 6) to base 16
df4
1732 (base 15) to base 3
20212002
Convert -66cb (base 13) to base 9.
-21628
Convert -7 (base 15) to base 2.
-111
-1027 (base 11) to base 15
-60a
Convert -5a5 (base 14) to base 4.
-101211
21102 (base 4) to base 5
4334
3307 (base 15) to base 13
4bc4
-11111101010 (base 2) to base 13
-bcb
Convert 12421 (base 6) to base 16.
75d
What is 4332134 (base 5) in base 16?
1213c
2350 (base 7) to base 9
1164
What is 1131002 (base 5) in base 8?
50420
Convert 189 (base 15) to base 14.
1b4
Convert -4011 (base 5) to base 2.
-111111010
What is -288 (base 16) in base 4?
-22020
What is -312 (base 4) in base 12?
-46
212212 (base 4) to base 12
151a
What is -222011101 (base 3) in base 10?
-19072
-13b3 (base 16) to base 12
-2b03
Convert -3022132 (base 4) to base 3.
-122202221
What is 2101 (base 3) in base 12?
54
34313 (base 6) to base 16
1305
-211102 (base 3) to base 8
-1135
What is -1101022 (base 3) in base 5?
-13012
Convert -103100 (base 5) to base 10.
-3525
-13510 (base 7) to base 10
-3682
What is -8c39 (base 13) in base 5?
-1112102
Convert 94 (base 12) to base 9.
134
What is -101011110 (base 2) in base 8?
-536
What is -665 (base 12) in base 8?
-1655
What is -211112001 (base 3) in base 11?
-11375
What is 121200022 (base 3) in base 10?
12158
What is 11111101 (base 2) in base 8?
375
What is -5a1 (base 11) in base 14?
-392
What is 10100100010100 (base 2) in base 13?
4a2c
What is 239a (base 11) in base 9?
4262
What is -4929 (base 11) in base 8?
-14454
Convert 107 (base 9) to base 12.
74
What is 18090 (base 15) in base 8?
227700
What is 310132 (base 4) in base 6?
23314
Convert 741 (base 10) to base 4.
23211
What is -1010212022 (base 3) in base 9?
-33768
Convert 35442 (base 6) to base 5.
131023
What is 54436 (base 8) in base 14?
8458
What is -1210111200 (base 3) in base 10?
-35361
What is 9eed (base 15) in base 8?
101724
What is -4163 (base 10) in base 15?
-1378
What is 1081 (base 12) in base 6?
12241
What is -31062 (base 8) in base 4?
-3020302
What is -1a595 (base 11) in base 5?
-1404120
793 (base 15) to base 9
2313
What is -332001 (base 4) in base 12?
-2369
Convert 111a (base 11) to base 3.
2000120
-8d5e (base 16) to base 10
-36190
What is -236 (base 7) in base 14?
-8d
-1341433 (base 5) to base 6
-332235
Convert 1145 (base 7) to base 16.
1a9
Convert 15fe (base 16) to base 6.
42022
131132 (base 5) to base 15
17e7
1136 (base 7) to base 2
110100011
611 (base 15) to base 10
1366
15350 (base 6) to base 12
1556
-183a6 (base 13) to base 6
-1000324
52862 (base 11) to base 14
20051
Convert 81c5 (base 15) to base 13.
c626
Convert 1512 (base 11) to base 8.
3635
14316 (base 9) to base 13
457b
-323041 (base 6) to base 15
-7d2d
What is -1410433 (base 5) in base 13?
-101a8
142 (base 16) to base 8
502
Convert -1200 (base 4) to base 9.
-116
Convert 2800 (base 9) to base 13.
c60
What is ac59 (base 16) in base 9?
66463
-11532 (base 9) to base 13
-3692
-2100 (base 4) to base 6
-400
Convert -503 (base 14) to base 10.
-983
-10221201 (base 3) to base 6
-21201
Convert 14014 (base 6) to base 7.
6220
Convert -1ca (base 16) to base 14.
-24a
-272b (bas